 = g + -6. Let y = s - -3. List the prime factors of y.
7
Let b = -7 + 16. What are the prime factors of b?
3
Suppose 3*w - 42 = 27. Let a = w + -9. List the prime factors of a.
2, 7
Let a = 24 + -8. List the prime factors of a.
2
Let g be (6/(-10))/((-5)/50). Let z = g - -11. List the prime factors of z.
17
Let a be (-6)/9 - 52/(-6). Suppose -l + a = -s - 11, -3*s = -4*l + 78. Suppose -5*w + 34 + l = 0. What are the prime factors of w?
11
List the prime factors of (1/2)/(2/572*1).
11, 13
Let j be (-4)/(-8) + 1/(-2). Suppose -4*u + 128 = 4*l, -2*l - 4*u + 7*u + 54 = j. List the prime factors of l.
2, 3, 5
Let m = -9 + 15. Let l = 22 - m. Suppose -3*j - j = -l. What are the prime factors of j?
2
Let f(q) be the third derivative of q**4/6 - q**3 - q**2. What are the prime factors of f(6)?
2, 3
Let p(i) = 5*i**2 - 5*i - 6. Let c be p(7). What are the prime factors of c/30 + (-2)/(-10)?
7
Suppose h - 19 = 23. List the prime factors of h.
2, 3, 7
Let s = 1 + 3. Suppose -6 = -v - s*i, 0 = v + 2*v - 5*i - 18. List the prime factors of v.
2, 3
Let m(u) = 2*u**2 + 5*u + 2. Let p be m(-3). Suppose -4*v = 2*z - p*z - 39, -2*v + 12 = -4*z. List the prime factors of v.
2, 3
Let h(y) = -y**2 - 48*y - 113. What are the prime factors of h(-39)?
2, 7, 17
Let q = 12 + -3. Suppose -30 = 4*d - 6. List the prime factors of 24/q - 2/d.
3
What are the prime factors of ((-96)/15)/(4/(-70))?
2, 7
Let y(r) = -18 + 8 + 3*r - 4*r + 15. What are the prime factors of y(-6)?
11
List the prime factors of (-74)/(-6)*3 - -2.
3, 13
Let v be (-4)/14 - 186/(-14). Suppose d + 6 = v. List the prime factors of d.
7
Let m = 1 - -3. Suppose m*o - 86 = 3*a, -2*o + 3*a + 46 = -0*o. What are the prime factors of o?
2, 5
Let o = 0 - 24. Let v = 41 + o. List the prime factors of v.
17
Let m(v) = 4*v**2 + v - 2. Let d be m(-2). Suppose -4*i - d = -44. Suppose -2*t + 26 - i = 0. What are the prime factors of t?
3
Let m be (-2)/(-9) + (-232)/72. Let h = 8 + m. What are the prime factors of h?
5
Let r(t) = 19*t. Suppose -2 - 1 = -3*d. List the prime factors of r(d).
19
What are the prime factors of (-106)/(-4) - (-7)/14?
3
Suppose -23 - 76 = -3*w. What are the prime factors of w?
3, 11
Suppose z - 3*o = 33, -34 = -z + 4*o - 0*o. Let h = 67 - z. Let w = h - 19. What are the prime factors of w?
2, 3
Let s(x) = -2 - 1 + 2 - 4*x + 0. List the prime factors of s(-2).
7
List the prime factors of (-73)/(-3)*(-3 + (3 - -3)).
73
Let h = 6 + 4. Suppose -5*t = 3*k - 125, -3*t + 142 = 4*k - h. What are the prime factors of k?
5, 7
Suppose 0 = 6*v - 14 - 298. What are the prime factors of v?
2, 13
Let u be 27 - (-1)/(2/(-2)). Let q = 42 - u. What are the prime factors of q?
2
Let j = 320 + -131. What are the prime factors of j?
3, 7
Let l(r) = r**2 + 7*r - 5. Suppose 3*j - 9 = -4*g + 54, 4*g = -5*j + 73. Let b be 0 + 2 + (1 - g). What are the prime factors of l(b)?
13
List the prime factors of (2/4 - -3)/((-2)/(-152)).
2, 7, 19
Let d(l) = -3*l + 0*l + l - 4. List the prime factors of d(-6).
2
Let i(n) be the first derivative of -n**4/4 - 5*n**3/3 - n**2 - 2*n + 1. List the prime factors of i(-5).
2
Suppose -l = 5*w + 4 + 55, -165 = 5*l - w. Let t = -20 - l. What are the prime factors of t?
2, 7
Let l(s) = s**3 - 10*s**2 - 11*s + 10. List the prime factors of l(11).
2, 5
Suppose -2*f + 140 = -192. What are the prime factors of f?
2, 83
Let m(k) = 3*k**2 - k + 1. List the prime factors of m(1).
3
Let f(c) = -5*c + 2*c**2 + 3 + c + c - c. What are the prime factors of f(3)?
3
Let n(w) = -13*w - 1. Let p(a) = -2*a**3 + 10*a**2 - 9. Let h(o) = o**3 - 5*o**2 + 5. Let j(x) = 7*h(x) + 4*p(x). Let i be j(5). List the prime factors of n(i).
2, 3
Suppose -2*i = 4*f + 4, 9 - 3 = 3*i + 2*f. List the prime factors of i.
2
Suppose -2 = j - 4. Suppose j*f = 4*f - 10. Suppose -f*z + 15 = -5. What are the prime factors of z?
2
Let m(b) = b**3 - 12*b**2 + b - 10. What are the prime factors of m(12)?
2
Let i(g) = -g**3 + 5*g**2 - 3*g. What are the prime factors of i(3)?
3
Suppose 5*n + 2*z = 34, 2*n - 1 = 5*z + 1. Suppose s + 10 = n*s. What are the prime factors of s?
2
Suppose 4*b - 2*b = 68. List the prime factors of b.
2, 17
Let i(q) = -2*q**3 - 4*q**2 + q + 3. Let t be i(-3). Suppose 5*k = -t - 22. Let l = -5 - k. List the prime factors of l.
3
Let z = -111 - -187. What are the prime factors of z?
2, 19
Suppose -n = -3*l + 4, 2 = -2*l + 4*n - 2. List the prime factors of l.
2
Suppose 4*a - 120 = a. Suppose j + 3*z = -10 - 0, 5*j - 3*z = a. What are the prime factors of j?
5
Let p be (1/3)/((-2)/(-18)). Suppose -p = d - 6. Suppose 0 = -5*g + d*r + 54, 3*g = 2*g + 3*r + 18. What are the prime factors of g?
3
Suppose -2*l + 3*u + 1621 = 0, -l - 110 + 921 = -u. Let a be 1/4 + l/16. Let n = a + -36. List the prime factors of n.
3, 5
Let s(x) = -5*x. Suppose 2*b + 6 = -2*i, 3*i - i + 2 = 0. What are the prime factors of s(b)?
2, 5
Suppose 0 = -33*k + 32*k + 134. List the prime factors of k.
2, 67
Suppose 7*h + 0*h = 3122. What are the prime factors of h?
2, 223
Let y(m) = m + 16. Suppose -3*o + 2*t - 32 = 0, 8 - 53 = 4*o - 5*t. List the prime factors of y(o).
2, 3
List the prime factors of (-1738)/(-12) + (5/(-30))/(-1).
5, 29
Let y = -100 + 391. List the prime factors of y.
3, 97
Suppose h + 2 = 6. Suppose 0 = -k + 3*y + 75, 0*y = 5*k + y - 295. Suppose -h*o + k = -o. List the prime factors of o.
2, 5
Let p(n) = 2*n**2 - 8*n + 6. Suppose 4*h - 2*v - 8 = 0, v + 8 = 4*h - 4*v. Suppose m = -4*w + 22 + h, -16 = -4*m. List the prime factors of p(w).
2
Let u = 50 + -86. What are the prime factors of 25/10*u/(-10)?
3
Let q = 218 - 68. List the prime factors of q.
2, 3, 5
Suppose 0 = 2*g + 2*g + 8. Let k = -11 - g. Let j(y) = y**2 + 10*y + 11. List the prime factors of j(k).
2
Let x(m) be the first derivative of -m**2/2 - 9*m - 6. What are the prime factors of x(-11)?
2
Let f(s) = -46*s - 2. Let a(g) = -23*g - 1. Let r(p) = -5*a(p) + 3*f(p). What are the prime factors of r(-1)?
2, 11
Let y(u) = u + 6. Let k be y(0). Suppose -1 - k = -c. List the prime factors of c.
7
Let s(k) = -k**3 + 2*k**2 + 3*k + 1. Let q be s(3). Let v = q - 3. List the prime factors of (2/3)/(v/(-9)).
3
Suppose 0 = -h + 37 + 10. What are the prime factors of h?
47
Suppose 2 + 6 = 2*v. Suppose -16 = -3*o + v*r, -3*r = 4*o + 2 - 15. List the prime factors of o.
2
Let f(v) = 60*v**2 - v. Let o be f(1). List the prime factors of (0 + (-3 - o))/(-2).
31
Let o(a) = 3*a**3 + a**2. Let s be o(1). Suppose s = -v + 28. What are the prime factors of v?
2, 3
Let f = 18 + -8. Let h = f + -7. Suppose -h*q = 0, 15 = 2*n - 3*q + 5. What are the prime factors of n?
5
Suppose -4*r - 2740 = -2*y + 138, -5*y = -r - 742. Let x = r - -1536. What are the prime factors of (-4)/(-14) + x/49?
17
Let h = -110 - -184. Suppose -h = -a - a. What are the prime factors of a?
37
Let x = 27 + -19. Suppose x = -3*z - q + 41, 2*z + q = 21. What are the prime factors of z?
2, 3
Suppose -147 = -u - s, -3*s + 342 - 47 = 2*u. List the prime factors of u.
2, 73
Let a(k) = -k**3 - 6*k**2 - 5*k + 2. Let d be a(-5). Suppose d*o - 3*o + 10 = 0. What are the prime factors of o?
2, 5
Let t(b) = b**2 + b - 3. Let w be t(-3). Suppose -w*v - 2 = -14. Suppose s - 55 = -v*s. List the prime factors of s.
11
Suppose -2*x + 101 - 27 = 0. What are the prime factors of x?
37
Let l = 10 + -5. Let x(a) = 5*a**2 + 26*a + 12. Let u(s) = -2*s**2 - 9*s - 4. Let p(f) = 8*u(f) + 3*x(f). What are the prime factors of p(l)?
3
Suppose -3*h = -44 + 197. Let r = -35 - h. List the prime factors of r.
2
Let r(x) = x**2 + 10*x + 8. Let f be r(-9). Let z be (-11)/(-5) + f/5. List the prime factors of (z/(-3))/((-3)/9).
2
Suppose -18 = -2*y + 144. What are the prime factors of y?
3
Let o(w) = -w**2 - 6*w + 1. Let s(d) = -3*d - 1. Let m be s(2). Let v be o(m). List the prime factors of 3/v*1*-8.
2
Let b(k) = k**2 + 11*k + 9. List the prime factors of b(-13).
5, 7
What are the prime factors of (-3 - (-48)/10)*(-20)/(-6)?
2, 3
Let h = 109 - 64. What are the prime factors of h?
3, 5
Let o = 25 - 20. Let r(h) = h + 5. What are the prime factors of r(o)?
2, 5
Let a = 2 - 0. What are the prime factors of a?
2
Suppose 4*n - r = 734, 3*n + 5*r - 21 - 518 = 0. List the prime factors of n.
3, 61
Suppose -8 + 0 = -2*f. Suppose -p - 63 = -f*p.